List the prime factors of 678649.
678649
What are the prime factors of 166676?
2, 41669
What are the prime factors of 2257181?
19, 118799
List the prime factors of 182933.
182933
What are the prime factors of 2909187?
3, 323243
List the prime factors of 438641.
7, 223, 281
List the prime factors of 1508816.
2, 181, 521
What are the prime factors of 4530830?
2, 5, 283, 1601
List the prime factors of 18841359.
3, 6280453
What are the prime factors of 18502778?
2, 7, 1321627
What are the prime factors of 33475561?
7, 4782223
List the prime factors of 5192884.
2, 1298221
What are the prime factors of 3244740?
2, 3, 5, 41, 1319
List the prime factors of 269779.
269779
What are the prime factors of 3066370?
2, 5, 239, 1283
What are the prime factors of 7683959?
2767, 2777
What are the prime factors of 447495?
3, 5, 29833
What are the prime factors of 220837?
19, 59, 197
What are the prime factors of 296952?
2, 3, 12373
What are the prime factors of 2212202?
2, 1106101
List the prime factors of 344052.
2, 3, 19, 503
What are the prime factors of 3366?
2, 3, 11, 17
What are the prime factors of 3645949?
3645949
What are the prime factors of 35087497?
2029, 17293
List the prime factors of 207498.
2, 3, 34583
List the prime factors of 200235.
3, 5, 7, 1907
What are the prime factors of 648022?
2, 324011
What are the prime factors of 114769?
114769
List the prime factors of 1207994.
2, 47, 71, 181
What are the prime factors of 20261846?
2, 11, 503, 1831
What are the prime factors of 3284287?
163, 20149
What are the prime factors of 808531?
283, 2857
List the prime factors of 103586.
2, 7, 151
What are the prime factors of 85554?
2, 3, 7, 97
List the prime factors of 19667131.
11, 89, 20089
What are the prime factors of 441329?
7, 67, 941
What are the prime factors of 153431?
71, 2161
What are the prime factors of 223369?
37, 6037
What are the prime factors of 3433726?
2, 47, 36529
List the prime factors of 553369.
553369
What are the prime factors of 565875?
3, 5, 503
List the prime factors of 5392863.
3, 7, 85601
List the prime factors of 232770.
2, 3, 5, 7759
List the prime factors of 351257.
351257
List the prime factors of 1429659.
3, 7, 11, 2063
What are the prime factors of 4969192?
2, 401, 1549
List the prime factors of 754569.
3, 27947
List the prime factors of 457278.
2, 3, 76213
What are the prime factors of 13430921?
7, 43, 44621
List the prime factors of 2018392.
2, 157, 1607
What are the prime factors of 3452383?
11, 313853
List the prime factors of 101159.
101159
List the prime factors of 465369.
3, 61, 2543
List the prime factors of 78317.
78317
List the prime factors of 109801.
19, 5779
What are the prime factors of 10743565?
5, 7, 127, 2417
List the prime factors of 84275.
5, 3371
What are the prime factors of 4794481?
4794481
List the prime factors of 632695.
5, 7, 18077
What are the prime factors of 1610357?
7, 31, 41, 181
List the prime factors of 216634.
2, 11, 43, 229
List the prime factors of 1003662.
2, 3, 11, 37, 137
List the prime factors of 2010015.
3, 5, 7, 709
What are the prime factors of 686664?
2, 3, 11, 17
List the prime factors of 386683.
11, 35153
What are the prime factors of 22956391?
37, 101, 6143
List the prime factors of 498855.
3, 5, 7, 4751
List the prime factors of 1349154.
2, 3, 17, 4409
List the prime factors of 1397821.
31, 67, 673
What are the prime factors of 6091669?
6091669
What are the prime factors of 456168?
2, 3, 83, 229
What are the prime factors of 4521264?
2, 3, 11, 8563
List the prime factors of 979634.
2, 489817
What are the prime factors of 1093445?
5, 29, 7541
List the prime factors of 2738584.
2, 19, 43, 419
List the prime factors of 219832.
2, 27479
What are the prime factors of 4930264?
2, 61, 10103
List the prime factors of 43471523.
43471523
List the prime factors of 493840.
2, 5, 6173
What are the prime factors of 2482128?
2, 3, 11, 1567
List the prime factors of 1132138.
2, 7, 193, 419
What are the prime factors of 6694323?
3, 61, 157, 233
List the prime factors of 145774.
2, 23, 3169
What are the prime factors of 12642761?
31, 439, 929
List the prime factors of 2125193.
7, 233, 1303
What are the prime factors of 322513?
322513
List the prime factors of 318357.
3, 13, 907
What are the prime factors of 5307573?
3, 41, 43151
List the prime factors of 5007301.
13, 29629
What are the prime factors of 17648966?
2, 601, 14683
List the prime factors of 1645213.
23, 233, 307
List the prime factors of 1317805.
5, 263561
What are the prime factors of 1195911?
3, 44293
What are the prime factors of 1419100?
2, 5, 23, 617
List the prime factors of 6647084.
2, 41, 40531
What are the prime factors of 194814?
2, 3, 79, 137
List the prime factors of 207523.
207523
What are the prime factors of 16301110?
2, 5, 7, 59, 3947
List the prime factors of 261576.
2, 3, 7, 173
List the prime factors of 11123427.
3, 7, 529687
List the prime factors of 23750238.
2, 3, 3958373
What are the prime factors of 177507?
3, 11, 163
List the prime factors of 2389685.
5, 41, 11657
What are the prime factors of 145114?
2, 37, 53
List the prime factors of 2171761.
2171761
List the prime factors of 1354923.
3, 151, 997
List the prime factors of 15320546.
2, 223, 34351
List the prime factors of 12471901.
13, 959377
What are the prime factors of 454870?
2, 5, 13, 3499
What are the prime factors of 293640?
2, 3, 5, 2447
What are the prime factors of 25637669?
19, 41, 32911
List the prime factors of 9354753.
3, 499, 2083
What are the prime factors of 3594857?
7, 19, 151, 179
What are the prime factors of 11612463?
3, 3870821
List the prime factors of 141051.
3, 47017
What are the prime factors of 8065188?
2, 3, 224033
What are the prime factors of 1709623?
137, 12479
List the prime factors of 517170.
2, 3, 5, 17239
What are the prime factors of 2033085?
3, 5, 23, 71, 83
List the prime factors of 5635007.
7, 17, 47353
List the prime factors of 13441441.
13, 17, 60821
List the prime factors of 593589.
3, 17, 103, 113
List the prime factors of 147166.
2, 73583
List the prime factors of 2947212.
2, 3, 29, 941
What are the prime factors of 237579?
3, 79193
What are the prime factors of 8754870?
2, 3, 5, 291829
What are the prime factors of 12134022?
2, 3, 17, 337, 353
What are the prime factors of 1408165?
5, 11, 25603
What are the prime factors of 1600979?
71, 22549
What are the prime factors of 905414?
2, 59, 7673
List the prime factors of 1072776.
2, 3, 44699
What are the prime factors of 825786?
2, 3, 13, 3529
List the prime factors of 12347306.
2, 6173653
List the prime factors of 1073644.
2, 11, 13, 1877
What are the prime factors of 1800102?
2, 3, 300017
What are the prime factors of 808063?
113, 7151
List the prime factors of 23461572.
2, 3, 1955131
List the prime factors of 727327.
727327
List the prime factors of 568754.
2, 284377
What are the prime factors of 1608218?
2, 31, 25939
What are the prime factors of 9189358?
2, 43, 106853
What are the prime factors of 678166?
2, 107, 3169
What are the prime factors of 60330?
2, 3, 5, 2011
List the prime factors of 4984118.
2, 19, 31, 4231
List the prime factors of 5079131.
673, 7547
List the prime factors of 5983123.
307, 19489
List the prime factors of 10505786.
2, 61, 86113
List the prime factors of 8331289.
8331289
What are the prime factors of 674917?
17, 29, 37
What are the prime factors of 420963?
3, 140321
What are the prime factors of 189511?
7, 27073
What are the prime factors of 3339917?
7, 477131
List the prime factors of 599130.
2, 3, 5, 7, 317
What are the prime factors of 2109382?
2, 11, 95881
List the prime factors of 728166.
2, 3, 157, 773
What are the prime factors of 342521?
342521
List the prime factors of 8671160.
2, 5, 216779
What are the prime factors of 32568752?
2, 521, 3907
What are the prime factors of 3579784?
2, 13, 34421
List the prime factors of 357538.
2, 53, 3373
What are the prime factors of 14835730?
2, 5, 7, 13, 17, 137
List the prime factors of 24696583.
523, 47221
List the prime factors of 407901.
3, 13, 10459
List the prime factors of 1070727.
3, 7, 67, 761
What are the prime factors of 3683876?
2, 7, 149, 883
What are the prime factors of 199379?
199379
List the prime factors of 12426485.
5, 41, 60617
List the prime factors of 217795.
5, 